ase 8.
-102
-2 (base 14) to base 5
-2
21 (base 10) to base 9
23
-220 (base 3) to base 16
-18
Convert -14a (base 14) to base 15.
-127
What is -6 (base 7) in base 15?
-6
Convert 10 (base 5) to base 16.
5
Convert -6 (base 13) to base 2.
-110
-1002 (base 3) to base 7
-41
What is 1b (base 14) in base 9?
27
1 (base 4) to base 7
1
Convert 10 (base 7) to base 2.
111
5 (base 6) to base 15
5
-3a (base 12) to base 2
-101110
-3 (base 12) to base 9
-3
Convert 22 (base 3) to base 14.
8
What is 31 (base 5) in base 9?
17
-2f (base 16) to base 3
-1202
What is -1 (base 5) in base 7?
-1
What is 0 (base 7) in base 5?
0
-31 (base 7) to base 2
-10110
What is 4 (base 5) in base 3?
11
-108 (base 14) to base 5
-1304
-3 (base 13) to base 3
-10
-2 (base 16) to base 7
-2
-231 (base 6) to base 5
-331
50 (base 9) to base 12
39
-1 (base 12) to base 16
-1
Convert -11000 (base 2) to base 8.
-30
Convert -35 (base 6) to base 13.
-1a
-12 (base 8) to base 2
-1010
What is -237 (base 8) in base 5?
-1114
Convert 1 (base 3) to base 10.
1
166 (base 8) to base 14
86
What is -a (base 12) in base 10?
-10
What is 165 (base 15) in base 13?
1b8
Convert 4c (base 13) to base 16.
40
-35 (base 7) to base 8
-32
What is 283 (base 9) in base 13?
153
What is -14 (base 12) in base 6?
-24
Convert -27 (base 9) to base 7.
-34
-401 (base 5) to base 12
-85
What is 134 (base 5) in base 10?
44
What is 371 (base 9) in base 14?
17d
Convert 68 (base 14) to base 3.
10102
Convert -7 (base 12) to base 9.
-7
What is -201 (base 4) in base 11?
-30
What is -2 (base 4) in base 7?
-2
What is -3a (base 15) in base 16?
-37
Convert 30 (base 9) to base 15.
1c
What is 4 (base 14) in base 13?
4
43 (base 9) to base 5
124
What is 69 (base 10) in base 9?
76
11100 (base 2) to base 11
26
What is -2 (base 5) in base 9?
-2
What is -1 (base 14) in base 10?
-1
-15 (base 8) to base 5
-23
b9 (base 15) to base 16
ae
3 (base 4) to base 7
3
55 (base 9) to base 4
302
Convert 252 (base 7) to base 2.
10000111
Convert 2102 (base 3) to base 9.
72
1 (base 15) to base 16
1
27 (base 11) to base 15
1e
What is 0 (base 5) in base 8?
0
Convert -34 (base 8) to base 12.
-24
What is -116 (base 7) in base 6?
-142
What is -111221 (base 3) in base 9?
-457
Convert 100 (base 2) to base 16.
4
2 (base 6) to base 4
2
What is 285 (base 9) in base 8?
357
1 (base 10) to base 13
1
What is 3 (base 4) in base 14?
3
Convert 2 (base 3) to base 7.
2
-6 (base 10) to base 16
-6
What is -84 (base 9) in base 7?
-136
4 (base 14) to base 5
4
What is 4 (base 15) in base 5?
4
Convert -28 (base 16) to base 6.
-104
29 (base 16) to base 13
32
Convert 121 (base 8) to base 7.
144
Convert 4 (base 11) to base 7.
4
What is 7 (base 10) in base 3?
21
-15 (base 12) to base 7
-23
What is 0 (base 5) in base 3?
0
Convert 122 (base 4) to base 10.
26
-4 (base 10) to base 14
-4
What is -11 (base 6) in base 13?
-7
Convert -4 (base 16) to base 5.
-4
18 (base 15) to base 3
212
-130 (base 4) to base 16
-1c
22 (base 5) to base 10
12
What is -4 (base 7) in base 16?
-4
What is -121 (base 4) in base 12?
-21
0 (base 15) to base 5
0
What is -272 (base 10) in base 2?
-100010000
What is -25 (base 7) in base 4?
-103
What is -6 (base 12) in base 13?
-6
33 (base 14) to base 2
101101
What is 1 (base 12) in base 4?
1
111111 (base 2) to base 7
120
Convert -11000 (base 3) to base 8.
-154
22 (base 4) to base 9
11
What is -101 (base 4) in base 3?
-122
-3 (base 5) to base 16
-3
Convert -12 (base 4) to base 14.
-6
What is -44 (base 6) in base 3?
-1001
Convert -17 (base 10) to base 8.
-21
Convert -124 (base 5) to base 15.
-29
What is 7 (base 9) in base 14?
7
What is -1111 (base 4) in base 11?
-78
Convert -1210 (base 5) to base 16.
-b4
What is 51 (base 8) in base 11?
38
Convert 53 (base 15) to base 14.
58
What is 1001101 (base 2) in base 11?
70
Convert 14 (base 15) to base 12.
17
What is 3 (base 9) in base 2?
11
What is 133 (base 4) in base 5?
111
What is -3 (base 4) in base 13?
-3
101 (base 5) to base 6
42
d4 (base 15) to base 7
403
What is -10001101 (base 2) in base 8?
-215
Convert 50 (base 9) to base 3.
1200
What is 122 (base 5) in base 4?
211
8 (base 14) to base 11
8
-1202 (base 3) to base 8
-57
What is 2 (base 16) in base 13?
2
Convert 7 (base 12) to base 13.
7
21 (base 3) to base 2
111
What is -11 (base 7) in base 4?
-20
Convert -2 (base 14) to base 2.
-10
What is -3 (base 7) in base 15?
-3
Convert 52 (base 10) to base 14.
3a
Convert a (base 16) to base 15.
a
Convert 0 (base 8) to base 9.
0
Convert 213 (base 11) to base 6.
1104
-3 (base 9) to base 6
-3
What is -2 (base 12) in base 6?
-2
Convert 0 (base 12) to base 15.
0
127 (base 8) to base 14
63
What is 10 (base 5) in base 14?
5
-321 (base 5) to base 8
-126
-10 (base 3) to base 15
-3
-1 (base 16) to base 10
-1
Convert -19 (base 14) to base 6.
-35
-7 (base 11) to base 3
-21
What is 20001 (base 3) in base 7?
322
What is -20 (base 15) in base 4?
-132
What is -10 (base 14) in base 16?
-e
What is 16e (base 15) in base 11?
27a
Convert -5 (base 10) to base 7.
-5
32 (base 11) to base 5
120
Convert 0 (base 4) to base 6.
0
What is 2121 (base 4) in base 10?
153
Convert 133 (base 13) to base 8.
323
What is 8 (base 10) in base 13?
8
What is 1 (base 8) in base 13?
1
-3 (base 12) to base 13
-3
-1211 (base 4) to base 13
-7a
What is -8a (base 11) in base 15?
-68
What is -55 (base 12) in base 2?
-1000001
What is -4 (base 11) in base 14?
-4
-53 (base 13) to base 2
-1000100
What is -10101010 (base 2) in base 11?
-145
What is -112 (base 3) in base 12?
-12
Convert -15 (base 6) to base 3.
-102
Convert 121 (base 8) to base 11.
74
What is -7 (base 16) in base 3?
-21
Convert 4 (base 7) to base 11.
4
Convert 2b (base 16) to base 9.
47
What is 17 (base 13) in base 4?
110
What is 7 (base 12) in base 4?
13
1 (base 12) to base 6
1
Convert -1010110 (base 2) to base 5.
-321
What is 57 (base 8) in base 16?
2f
1000 (base 3) to base 16
1b
What is 12 (base 4) in base 3?
20
Convert -5 (base 11) to base 6.
-5
Convert 1111 (base 4) to base 2.
1010101
What is -13 (base 16) in base 6?
-31
Convert -44 (base 7) to base 16.
-20
Convert 0 (base 6) to base 8.
0
b (base 16) to base 13
b
Convert 11001 (base 2) to base 14.
1b
Convert -1033 (base 5) to base 11.
-120
232 (base 6) to base 15
62
Convert 42 (base 13) to base 10.
54
-2021 (base 3) to base 2
-111101
What is 0 (base 10) in base 5?
0
What is -e (base 15) in base 6?
-22
Convert 2 (base 12) to base 8.
2
What is -21 (base 10) in base 5?
-41
2a (base 13) to base 12
30
What is 58 (base 13) in base 6?
201
What is 53 (base 13) in base 4?
1010
What is 74 (base 9) in base 4?
1003
11222 (base 3) to base 16
86
Convert -2400 (base 5) to base 2.
-101011110
9 (base 14) to base 16
9
-57 (base 8) to base 6
-115
Convert -52 (base 9) to base 3.
-1202
What is 0 (base 8) in base 2?
0
What is 10 (base 3) in base 6?
3
What is 3 (base 15) in base 4?
3
What is -2b (base 16) in base 15?
-2d
-4 (base 16) to base 11
-4
-11 (base 3) to base 15
-4
Convert 10 (base 12) to base 5.
22
What is -6 (base 7) in base 8?
-6
What is -8 (base 16) in base 10?
-8
What is 7 (base 15) in base 2?
111
Convert 6 (base 14) to base 7.
6
3 (base 7) to base 8
3
26 (base 12) to base 14
22
What is -1 (base 2) in base 4?
-1
Convert 22 (base 5) to base 15.
c
-9 (base 12) to base 15
-9
What is 2 (base 3) in base 9?
2
Convert -123 (base 7) to base 3.
-2110
-2 (base 14) to base 3
-2
-5 (base 15) to base 14
-5
9 (base 10) to base 2
1001
21 (base 7) to base 8
17
23 (base 5) to base 9
14
Convert 3 (base 13) to base 15.
3
Convert 100 (base 2) to base 13.
4
Convert db (base 14) to base 8.
301
Convert 3 (base 6) to base 4.
3
Convert -b (base 12) to base 10.
-11
Convert 3 (base 16) to base 14.
3
What is 12 (base 3) in base 10?
5
What is -1 (base 7) in base 4?
-1
7 (base 14) to base 4
13
Convert 464 (base 7) to base 6.
1042
23 (base 15) to base 6
53
2 (base 7) to base 3
2
What is 8 (base 11) in base 8?
10
Convert -3 (base 11) to base 9.
-3
Convert 0 (base 16) to base 11.
0
7d (base 14) to base 9
133
Convert -24 (base 14) to base 16.
-20
Convert -9 (base 12) to base 8.
-11
What is 0 (base 3) in base 16?
0
What is -3 (base 5) in base 2?
-11
5c (base 14) to base 9
101
Convert e (base 16) to base 7.
20
30 (base 7) to base 10
21
What is 1 (base 3) in base 12?
1
Convert -111 (base 5) to base 16.
-1f
525 (base 6) to ba